 + 16 = 0. Suppose o*f - 46 + 16 = 0. Calculate the greatest common divisor of 9 and f.
3
Let m(o) = -15*o**3 + o**2. Let q(y) = y**2 + 7*y - 9. Let k be q(-8). Let l be m(k). Calculate the highest common divisor of l and 16.
16
Let g(p) be the first derivative of p**4/4 - p**3/3 - 9*p**2/2 + 14*p - 2. Let u be g(6). What is the highest common divisor of u and 56?
28
Let z be (-3 - -2)*(-22 - -1). Suppose -4*u = -4*d - 328, 4*u - d - 326 = 4*d. Suppose -u = -5*h + h. Calculate the greatest common factor of z and h.
21
Let r(z) = z - 16. Let d be r(12). Let b be ((-2)/d - 0)*14. Calculate the highest common divisor of b and 1.
1
Suppose 0 = -0*j - 2*j. Let t be 2 + (j - (2 - 11)). Suppose 0 = -5*o + 4 + t. Calculate the greatest common factor of o and 3.
3
Suppose 0 = 3*t - 5*f - 300, 5*t - 334 - 166 = -3*f. Suppose -5*v + t = -v. Suppose -v = -2*w - 7. Calculate the highest common factor of w and 9.
9
Suppose -t + 0*t = 0. Suppose 0 = -t*d + d - 6. What is the highest common factor of 4 and d?
2
Suppose -4*t = -9*t + 30. Let r be 358/t + 5/15. Calculate the highest common divisor of r and 12.
12
Let y(q) = -2*q**2 + 5*q + 4. Let f be y(3). Suppose 3 = d, 2*d - 4*d = 5*m - 16. What is the highest common divisor of m and f?
1
Let x = -53 + 60. Calculate the greatest common factor of x and 28.
7
Suppose -2*w + 39 = -5*l, -l + 27 = w - 5*l. Let b = -8 + 13. Suppose 3*v - 36 = b*p, 9*v - 4*v = 5*p + 50. Calculate the greatest common divisor of v and w.
7
Suppose 0 = -r - 4*g - 17, 2*g + 6 = -4. Suppose 5*p + 4 = 4*t + 6, 2*t - 3*p + 2 = 0. Suppose -t*d = r*d - 15. What is the greatest common factor of d and 21?
3
Let p = -43 - -58. Let u be -1 - (3 + -1)*-3. What is the highest common factor of u and p?
5
Suppose j = 3*a + 13, 8 - 28 = -5*j. Let k = a + 6. Let z(x) = -x**2 + 13*x - 16. Let b be z(11). What is the highest common divisor of b and k?
3
Let w be ((6 - 5) + 14)/(1/18). What is the highest common divisor of w and 10?
10
Let m = -8 + 6. Let r be m - -1 - (-1 - 2). Calculate the highest common factor of 12 and r.
2
Let z = -2 + 3. Suppose 2*l - 4*l = 2. Let o be (5 + -11)/(-1 + l). What is the greatest common factor of z and o?
1
Let a(k) = -2*k**3 - 10*k**2 - 7*k + 6. Let l be a(-6). Calculate the highest common divisor of l and 15.
15
Let v(x) be the second derivative of x**5/10 - 3*x**4/4 + x**3/6 + x**2 + 6*x. Let f be v(6). What is the greatest common factor of f and 29?
29
Let a(y) = 3*y**2 + 3*y + 18. Let h be a(6). Calculate the greatest common divisor of h and 16.
16
Let q be ((-75)/(-6))/((-1)/(-2)). Let x = 0 + -13. Let t = x + q. What is the greatest common divisor of t and 48?
12
Suppose 4*v + 10 + 14 = 0. Let f = 38 + v. Calculate the highest common factor of f and 4.
4
Let l = -72 + 89. What is the highest common factor of 119 and l?
17
Let l(o) = o**3 - 10*o**2 - 5*o + 11. Let m be l(11). What is the greatest common divisor of 7 and m?
7
Suppose 6*v - 5*c - 34 = 3*v, 0 = 3*c - 12. Let y = -6 + v. Calculate the greatest common factor of y and 132.
12
Let c(d) = -43*d**3 - 3*d**2 - 5*d - 3. Let t be c(-1). Calculate the highest common factor of 56 and t.
14
Let r be 6/21 - 500/(-14). Suppose 2*d - 5*n - r - 28 = 0, 2*d + 3*n = 32. What is the greatest common divisor of d and 198?
22
Let c = -9 + 34. Let h = c - 13. Let l(z) = z**3 - 2*z**2 - 3*z + 6. Let b be l(6). What is the greatest common factor of h and b?
12
Let j be ((-3)/2)/((-3)/36). Calculate the highest common factor of j and 6.
6
Let u be 11*(-1)/2*-14. Let x(f) = 5*f + 4 - 2 - 4*f + 1. Let j be x(4). What is the greatest common factor of u and j?
7
Let v = -2 + 26. What is the highest common factor of 192 and v?
24
Let i = 27 - 7. Let r be (-4)/i + 71/5. Let p = r + -3. Calculate the greatest common divisor of 121 and p.
11
Let f(x) = -x**3 - 5*x**2 - x - 4. Let n be f(-5). Calculate the highest common factor of 3 and n.
1
Let m(d) = d + 3. Let t be m(-7). Let k be ((-6)/9)/(t/66). Calculate the highest common factor of k and 77.
11
Suppose -n - 4*w - 2 + 14 = 0, 5*n - 15 = -5*w. Suppose 14 = 2*i - n*i. Calculate the highest common divisor of 7 and i.
7
Let n(o) = 2*o - 5 + 3 - 6*o. Let m(p) = -p**3 + 8*p**2 - p + 3. Let d be m(8). Let r be n(d). Calculate the greatest common factor of r and 72.
18
Suppose -u = -3*s - 6, u = -u + 5*s + 13. Calculate the highest common divisor of 36 and u.
9
Suppose -4*s + 61 + 3 = 0. Let v(t) = 2*t**3 + t**2 + t - 4. Let m be v(4). Suppose -d - 2*d + m = 0. Calculate the highest common divisor of d and s.
16
Let u be 1 - 1 - (-10 + 8). What is the highest common divisor of 3 and u?
1
Let z(l) be the second derivative of l**3/2 - l**2 + l. Let r be z(4). Suppose 5 = -5*b, -3*a + 8*a = b + 451. Calculate the greatest common divisor of r and a.
10
Let f = -65 + 93. Suppose 0 = h + 5, 3*c - 23 = -c - h. What is the greatest common divisor of c and f?
7
Let t = -1 - -6. Let c = t + -14. Let s = c - -16. What is the highest common factor of s and 28?
7
Let v = 50 + -17. Calculate the highest common factor of 44 and v.
11
Suppose -2*r = 3*t - 17, -3*t + 3*r + 13 = -2*t. Calculate the greatest common factor of 56 and t.
7
Let o = 258 + -66. Calculate the greatest common divisor of o and 24.
24
Let g(a) = 7 + 12 - 14 - a. Let x be g(3). What is the highest common divisor of 4 and x?
2
Let d = 30 + -22. What is the highest common factor of d and 16?
8
Suppose 0*k - 3*x + 261 = 3*k, -2*k + 3*x + 194 = 0. Calculate the highest common divisor of k and 13.
13
Suppose 6*s - 8 = -2. What is the greatest common divisor of 13 and s?
1
Let a = -2 - -4. Suppose -45 = -a*j - j. What is the highest common divisor of j and 5?
5
Let g = 30 - 19. Suppose -17 = 4*r - 5. Let u be (-175)/(-15) + 2/r. What is the greatest common divisor of u and g?
11
Let t(a) = -a**2 + 8*a + 12. Let m be t(9). Let i be (-1 - 5)/((-2)/m). What is the highest common factor of i and 72?
9
Suppose 55 = -4*a + 1063. What is the greatest common divisor of 28 and a?
28
Let t(n) = n**2 + 5*n + 6. Let m be t(-4). Let w be 1 + (3 - -13*m). What is the highest common factor of w and 15?
15
Let p = -5 + 9. Let h be -1 - -1 - 1 - -4. Suppose s - 8 = -h*y + 3*s, -s - 2 = -y. Calculate the greatest common divisor of p and y.
4
Suppose -11*g + 14*g = 48. Suppose 3*t + g = 49. Calculate the highest common divisor of t and 44.
11
Suppose -42 = -3*h + 150. Suppose 5*r + 10 = 10*r. Suppose 0 = r*s - 4*s + 32. What is the highest common divisor of s and h?
16
Suppose -k = 2*k - 6. Let l be (8/(-12))/(k/(-78)). Calculate the greatest common factor of 13 and l.
13
Let b = 42 + -82. Let t = -10 - b. Suppose -5 = n + 5*d, -5*d = -n + 15 + t. What is the highest common factor of n and 5?
5
Let f(l) = 2*l. Let r be f(2). Suppose -10 = -5*o + 4*z, 1 + 3 = -o + 2*z. Suppose -o - 26 = -t. Calculate the greatest common factor of r and t.
4
Let x(b) = 2*b**3 - 5*b**2 + 6*b - 7. Let f be x(4). What is the greatest common divisor of 13 and f?
13
Let x = 2 - -3. Let h be ((-9)/15)/((-1)/75). What is the greatest common factor of h and x?
5
Suppose -d = 5*h - 204, 3*d - 6*d + 92 = 2*h. Let y = 192 + -172. What is the highest common divisor of h and y?
20
Let c(n) = -n**2 - 16*n - 39. Let o be c(-12). Calculate the greatest common divisor of o and 18.
9
Suppose 4*y = -3*v - 2*v + 358, -2*v - 188 = -2*y. Let c = y - -3. Suppose 3*g - 242 = -c. What is the greatest common factor of g and 7?
7
Suppose -11*x + 900 = -7*x. What is the greatest common divisor of 25 and x?
25
Suppose 0 = 9*g - 213 + 60. Let q be (-10)/14 + (-2)/7. Let t be (1 + 188/q)/(-1). What is the greatest common divisor of g and t?
17
Let w = 112 + -92. What is the highest common divisor of w and 100?
20
Let k(x) = x**2 + 6*x - 5. Let m be k(-7). Suppose -m*l = -l - 56. Suppose 0 = -5*o - 0*o + 70. What is the greatest common divisor of o and l?
14
Let f = -69 - -77. Suppose -5*y + 20 = -4*y. Calculate the highest common divisor of y and f.
4
Let w be (-2 - 0) + 1 + 5. Suppose -54 = -w*r + 22. What is the highest common divisor of r and 209?
19
Suppose s - 4*s + 21 = 0. Calculate the highest common divisor of 1 and s.
1
Let q(f) = f**3 - 16*f**2 + 7*f - 22. Let s be q(16). Calculate the greatest common factor of 10 and s.
10
Suppose v + 2*